is the remainder when 109 is divided by o?
33
Suppose -4*k = 3*k - 14. Let a be k/(-1*8/(-12)). Suppose -a*y - 5*n + 66 = 0, -y + 2*y - 5 = 4*n. What is the remainder when y is divided by 2?
1
Let b(r) = -33*r + 1425. Calculate the remainder when 1658 is divided by b(39).
2
Suppose t - 3*h = 52, 3*t - 256 + 78 = -2*h. What is the remainder when t is divided by ((-2849)/(-119) - -7) + 21/357?
27
Let a = -314 - -324. Let o(p) = 6*p**3 - 3*p**2 + 2*p - 1. Let f be o(2). Suppose u - f = a. Calculate the remainder when 192 is divided by u.
45
Let f(i) = -15*i - 1. Let z be f(1). Let n(y) = y**3 + 13*y**2 + 7*y - 11. Let r be n(-13). Let a = z - r. Calculate the remainder when a is divided by 29.
28
Suppose -35*c = 89 - 1874. What is the remainder when 148 is divided by c?
46
Suppose 15*m = -u + 18*m + 73, -m = -u + 65. Calculate the remainder when u is divided by 6.
1
Suppose 96*f - 11*f - 3397 = 13263. What is the remainder when 759 is divided by f?
171
Let s(t) = 5*t - 24. Let m be (1 + (-20)/12)/((-2)/90). Suppose 12*g + m = 15*g. Calculate the remainder when s(g) is divided by 15.
11
Calculate the remainder when (-71730)/75*(-40)/12 is divided by 152.
148
Let v(q) be the third derivative of 3/8*q**4 + 0*q + 1/60*q**5 - 19/3*q**3 + 0 - 31*q**2. Calculate the remainder when 53 is divided by v(-13).
11
Let b = 37 + -33. Suppose -12 = b*d, 4*v = v + 4*d + 357. Let y = -26 + v. Calculate the remainder when y is divided by 15.
14
Suppose -65*i + 58*i + 35 = 0. Let k(u) = u**2 + 6*u - 21. What is the remainder when 573 is divided by k(i)?
29
Calculate the remainder when 1041 is divided by 4 + 105/(-24) + 1 + 195/8.
16
Suppose 11*v - 10 = 9*v. Suppose 4*d + 8 = v*d. Let u = 9 + 6. What is the remainder when u is divided by d?
7
Let l(c) = c**3 + c**2 - c + 20. Let t be l(0). Let a = t - 4. What is the remainder when a is divided by (0 + -3)/3 + 2*1 - -10?
5
Suppose t - 37 = -o, 5*o - 43 = 4*o + t. What is the remainder when o is divided by (-164)/(-12) + (-2)/(-6)?
12
What is the remainder when 1198 is divided by (-1800)/(-175)*245/21?
118
Let u = 221 - 377. Let k = u - -170. Let c(b) = 9*b + 6. Calculate the remainder when c(13) is divided by k.
11
Let z(h) = 3*h**2 - 27*h + 27. What is the remainder when ((-48)/15 - 2)*-5 is divided by z(1)?
2
Let j = 876 - 877. What is the remainder when 190 is divided by j*15/(-35) - (-884)/28?
30
Suppose -3*t + 3241 = 5*k, -50*k = 6*t - 55*k - 6587. What is the remainder when t is divided by 80?
52
Suppose 4*x = 5*s - 1994, 0 = -s - 0*x + x + 399. Suppose -s = -3*c - 2*l, -2*l = c + c - 264. What is the remainder when c is divided by 20?
14
Let k = 652210 + -652129. Let a(v) = 162*v**2 - v + 1. Calculate the remainder when a(2) is divided by k.
80
What is the remainder when (-2084940)/(-5291) + (-2)/37 is divided by 137?
120
Let o(p) = -3*p**2 - 17 - p + 4*p**2 + 0*p**2 + 11. Let h be o(-4). Suppose f - h*f = -195. Calculate the remainder when f is divided by 6.
3
Suppose 5*a - i = 15, -29*a + 18 = -30*a - 4*i. Suppose -5*u = 2*z + 2*z - 568, 0 = -4*u - a*z + 458. What is the remainder when u is divided by 30?
26
Let h be (4099 + -13)/6 + 2/2. Suppose 60*o = 458 + h. Calculate the remainder when 1101 is divided by o.
18
Let k(q) = -3*q - 1. Let n be k(-1). Suppose -n*p = -19 - 31. Suppose -4595 - 2797 = -47*m - 129*m. Calculate the remainder when m is divided by p.
17
Suppose 3*f = -37*z + 42*z - 268, 5*f - 20 = 0. Calculate the remainder when 287 is divided by z.
7
Let a = 10217 - 10214. Let g = 226 - 132. What is the remainder when g is divided by a?
1
What is the remainder when 734 is divided by (115 - 5) + 1 - -12?
119
Let j = 658 - 416. Suppose j - 1369 = -23*y. Calculate the remainder when 104 is divided by y.
6
Let i(u) = u**3 + 8*u**2 + 8*u - 18. Suppose 5*p + 4*b = 2*p - 38, 27 = -2*p - 3*b. What is the remainder when 98 is divided by i(p)?
2
Suppose 0 = b + 2*n - 95, 4*b - b - 293 = -2*n. Suppose 2*f + 8 = -q, 0*f = 4*q + 3*f + 22. Let l = 38 + q. What is the remainder when b is divided by l?
31
Let m(w) be the second derivative of w**5/20 - w**4/3 - 11*w**3/6 + w**2 - 18*w. Calculate the remainder when 215 is divided by m(6).
7
Let i(u) = 6*u - 2 + 15*u**2 + 2*u**2 - 7*u - 2*u. Let o(a) = 3*a - 18. What is the remainder when i(-2) is divided by o(11)?
12
Calculate the remainder when (-3 + (-567)/(-7))*(-21)/(-6) is divided by 26.
13
Suppose 0 = 129*y - 61*y - 259284. Calculate the remainder when y is divided by 83.
78
Let i = 78 + -53. Let s(t) be the second derivative of t**4/12 - 11*t**3/3 - 24*t**2 - 2880*t. Calculate the remainder when 91 is divided by s(i).
10
Let l(u) = -14*u + 1. Let c = 3 + -4. What is the remainder when 19 + (-5 - (-11 + 4) - -7) is divided by l(c)?
13
Suppose 0*a - 6 = 3*a, -4*u = -3*a - 22. Suppose -5*p + 22 = -u*p. Let f = 1945 - 1932. What is the remainder when p is divided by f?
9
Suppose -3*g = -870 - 198. Suppose 6*d - 4*a + 340 = 5*d, -4*a = d + g. Calculate the remainder when ((-91)/14 - -6)/(1/d) is divided by 44.
42
Suppose -9*m + 238 = 1147. Let i be -51*(0 - 1)/(-1). Let j = i - m. What is the remainder when j is divided by 13?
11
Let m = -16 + 23. Let t(y) = -2*y + 12. Let v be t(m). What is the remainder when 38 is divided by 7/((-35)/25)*v?
8
Let c(r) = -8*r**2 - 72*r + 10. Let y be c(-11). Let h = y + 182. What is the remainder when 53 is divided by h?
5
Let h(s) = s**2 - 2*s + 26. Suppose 15*p - 22*p - p + 120 = 0. What is the remainder when h(0) is divided by p?
11
Suppose 2649 = 150*k - 68413 + 4162. What is the remainder when k is divided by 387?
59
Let d = 49 - 28. Let q = -6505 + 6515. What is the remainder when d is divided by q?
1
Let q = -13781 + 13955. What is the remainder when 318 is divided by q?
144
Let a(v) = -v**3 - 12*v**2 - 4*v - 16. Let g(k) = -6*k. Let j be g(2). Calculate the remainder when 28/63*((-6399)/2)/(-9) is divided by a(j).
30
Let m(u) = -u + 3. Let f be m(3). Let r be (57/(-12))/(5/((-600)/(-118)) + -1). Suppose f = -11*w + r - 21. Calculate the remainder when 95 is divided by w.
23
Let k be (-38)/(-8)*(5 + 23). Let q = k - 107. Let r(x) = 3*x - 9. Calculate the remainder when q is divided by r(8).
11
Let l = 74 + 92. Suppose -4*m + 0*m = 5*x - l, -3*x = -m + 33. What is the remainder when (-1050)/(-20)*(-20)/(-14) is divided by m?
36
Let x(m) = 13*m - 113. What is the remainder when x(13) is divided by (280/(-49) - -4)*(0 + -7)?
8
Suppose n - 5*a - 13 = 66, 4*n = -5*a + 216. Suppose 0 = -530*f + 776*f - 3690. What is the remainder when n is divided by f?
14
Suppose 0 = 5*f - 2907 - 518. Calculate the remainder when f is divided by ((-87)/145)/((-6)/860).
83
What is the remainder when (11 - 7)/(10/365) is divided by 78?
68
Let y(n) = n**3 + 2*n**2 - 35*n + 20. Calculate the remainder when y(9) is divided by 15.
11
Suppose -9*i = -1252 - 809. Let j = 303 - i. Calculate the remainder when j is divided by 18.
2
Let w(x) = -x**3 - 9*x**2 - 10*x - 14. Let p be w(-8). Suppose 4*a - 21 = -3*j + 22, 2 = p*j. Calculate the remainder when a is divided by (8/(-10))/((-1)/5).
2
Let a(j) = j**3 + 6*j**2 - 16*j - 2. Let g be a(-8). What is the remainder when 0 - -61*1 - 0 is divided by -62*(5 - (-11)/g)?
30
What is the remainder when 1*179 + -59 + 52 is divided by 39?
16
Let b = 218 + -198. Suppose -b*n + 806 - 106 = 0. Suppose m + 71 = 4*w, w - 14 = 2*m - 5. What is the remainder when n is divided by w?
16
Suppose -48 = 4*c - 5*a, -4*a = -2*c + 6*c + 12. Let s(v) = -4*v - 27. Let n be s(c). What is the remainder when -6*(-6)/n*8/36 is divided by 6?
2
Suppose -3*f + 624 = 3*z, 38*z = 4*f + 35*z - 832. What is the remainder when f is divided by 87?
34
Let g(q) = q. Let l(v) = 18*v - 26. Let o(t) = -g(t) - l(t). Let i be o(6). Calculate the remainder when -2 + -2 + 6/1 - i is divided by 46.
44
Let p = 1453 + -1360. Calculate the remainder when p is divided by 6.
3
Suppose -181*k + 80814 = -39989 - 72686. Calculate the remainder when k is divided by 72.
61
Suppose -3 = -4*t + 21. Let h be ((-145)/4)/((-5)/20). Let n = h + -142. What is the remainder when t is divided by n?
0
Let o = -1 - -30. Let k(g) = g**3 - 29*g**2 + g - 8. Let z be k(o). Suppose -z*p + 78 = -15*p. What is the remainder when 64 is divided by p?
12
Suppose 20*g - 1430 - 130